e
Does 11 divide 32570747?
True
Does 1759 divide 1637422098?
False
Is 914 a factor of 128236942?
True
Is 37 a factor of 1009155760?
True
Is 14 a factor of 6874745?
False
Does 17 divide 88937211?
False
Is 247 a factor of 32306966?
False
Does 10 divide 331013091?
False
Does 1238 divide 41153775?
False
Is 5 a factor of 85126535?
True
Is 5735800 a multiple of 32?
False
Is 1593298492 a multiple of 274?
True
Does 87 divide 180470046?
False
Does 169 divide 131486179?
False
Is 58294834 a multiple of 10?
False
Is 4 a factor of 140232659?
False
Is 128 a factor of 521250560?
True
Is 599213280 a multiple of 96?
True
Does 581 divide 6373873?
False
Is 193 a factor of 50759?
True
Does 149 divide 16170225?
True
Is 229688241 a multiple of 414?
False
Is 111 a factor of 35274468?
True
Is 2 a factor of 160765385?
False
Does 9 divide 1354477338?
True
Is 161 a factor of 1366397644?
False
Is 67 a factor of 57529885?
True
Is 33849920 a multiple of 5?
True
Is 765427168 a multiple of 32?
True
Is 888856921 a multiple of 3916?
False
Does 442 divide 107558234?
False
Does 1127 divide 53578974?
False
Is 1214243023 a multiple of 20?
False
Is 32898611 a multiple of 11?
False
Does 35 divide 78361780?
True
Does 29 divide 48535444?
True
Is 1415769152 a multiple of 1971?
False
Is 5121 a factor of 2469725154?
True
Is 4 a factor of 3006641?
False
Is 833886668 a multiple of 283?
True
Is 239215180 a multiple of 115?
True
Is 704177685 a multiple of 2655?
True
Is 411030917 a multiple of 52?
False
Is 1031738 a multiple of 23?
False
Does 819 divide 38717835?
False
Does 87 divide 256064647?
False
Is 549 a factor of 2310819368?
False
Is 8501595 a multiple of 8?
False
Is 15250035 a multiple of 345?
True
Does 37 divide 64627760?
False
Is 102835620 a multiple of 1005?
True
Does 13 divide 80142979?
False
Is 62729755 a multiple of 11?
True
Is 1617 a factor of 260424024?
False
Does 29 divide 1603917065?
True
Is 484 a factor of 916493688?
True
Is 45573449 a multiple of 2838?
False
Does 52 divide 97170730?
False
Is 38 a factor of 36000478?
True
Is 344 a factor of 21882184?
True
Does 2163 divide 110767230?
True
Is 2103545606 a multiple of 2183?
False
Does 44 divide 18425056?
False
Is 244 a factor of 40815717?
False
Is 116 a factor of 218099488?
True
Is 1646987283 a multiple of 71?
False
Is 74 a factor of 34061247?
False
Is 1961736610 a multiple of 4456?
False
Does 8 divide 13759960?
True
Is 155789738 a multiple of 31?
False
Is 91 a factor of 5290285?
True
Is 908 a factor of 1349283106?
False
Is 26 a factor of 179983234?
False
Is 480 a factor of 664662695?
False
Is 2812622 a multiple of 50?
False
Does 4 divide 10539529?
False
Is 997231 a multiple of 7?
False
Is 177874128 a multiple of 68?
True
Is 168903730 a multiple of 38?
True
Is 570 a factor of 6092730?
True
Is 1180057134 a multiple of 257?
True
Is 12 a factor of 1726943787?
False
Does 11 divide 7598063?
True
Is 89 a factor of 159948397?
True
Is 29 a factor of 728445859?
False
Does 29 divide 93004802?
False
Is 67 a factor of 59784599?
False
Is 42 a factor of 46465188?
True
Is 17 a factor of 146471411?
False
Is 1677572 a multiple of 4?
True
Is 26 a factor of 749415946?
False
Is 126889461 a multiple of 16?
False
Is 12273984 a multiple of 152?
False
Is 12 a factor of 659892132?
True
Is 8119 a factor of 1650779437?
True
Does 48 divide 11874816?
True
Is 15464124 a multiple of 1719?
True
Is 182134726 a multiple of 57?
False
Is 57 a factor of 26276601?
True
Is 88 a factor of 28349640?
True
Is 1001058330 a multiple of 6?
True
Is 237477160 a multiple of 2696?
True
Is 2379218 a multiple of 363?
False
Is 289 a factor of 41421214?
True
Is 3113947 a multiple of 56?
False
Is 2 a factor of 81540193?
False
Does 206 divide 479231446?
False
Does 213 divide 794916?
True
Is 34131598 a multiple of 41?
True
Does 42 divide 352008132?
True
Is 124 a factor of 2031935920?
True
Is 500 a factor of 28805797?
False
Is 99573386 a multiple of 17?
True
Does 14 divide 50448627?
False
Is 390 a factor of 152624550?
True
Does 133 divide 256315763?
False
Is 6594 a factor of 2719990159?
False
Is 41936065 a multiple of 294?
False
Does 2 divide 42980060?
True
Is 52 a factor of 3709466592?
True
Does 4 divide 1098861455?
False
Is 18 a factor of 665360370?
True
Is 1380296918 a multiple of 4990?
False
Is 69 a factor of 2134599387?
True
Is 279224797 a multiple of 56?
False
Does 33 divide 159795801?
True
Is 175 a factor of 1344831950?
True
Does 106 divide 18491064?
True
Is 164 a factor of 449792140?
True
Is 37055801 a multiple of 132?
False
Is 41 a factor of 3160499238?
False
Is 151742170 a multiple of 34?
True
Does 14 divide 401511292?
True
Does 66 divide 19898331?
False
Is 30 a factor of 29157531?
False
Is 934586 a multiple of 243?
False
Is 15 a factor of 275733840?
True
Does 148 divide 23723945?
False
Does 99 divide 4198328784?
False
Does 179 divide 1022261936?
False
Is 817 a factor of 18012540?
False
Is 143441 a multiple of 114?
False
Is 2339 a factor of 55745387?
True
Is 83340207 a multiple of 194?
False
Is 886180346 a multiple of 491?
False
Does 6 divide 2278183?
False
Is 7785867 a multiple of 752?
False
Is 341360769 a multiple of 70?
False
Is 1182 a factor of 47283546?
True
Is 101540042 a multiple of 166?
True
Is 261244260 a multiple of 932?
True
Is 484797442 a multiple of 6359?
True
Does 23 divide 24507282?
True
Is 242190878 a multiple of 208?
False
Does 15 divide 1090901085?
True
Is 81 a factor of 175398696?
True
Is 144644000 a multiple of 125?
True
Does 1562 divide 47323914?
True
Does 11 divide 694014361?
False
Is 225978370 a multiple of 80?
False
Is 698 a factor of 2720345414?
True
Is 471793046 a multiple of 1784?
False
Is 54117060 a multiple of 20?
True
Is 394186520 a multiple of 910?
True
Is 387098832 a multiple of 2692?
True
Is 132021792 a multiple of 864?
True
Is 88599700 a multiple of 35?
True
Is 84740106 a multiple of 326?
False
Is 192763325 a multiple of 9?
False
Is 8449 a factor of 229170676?
True
Is 23 a factor of 4144692092?
True
Is 13 a factor of 23879122?
False
Is 21 a factor of 1164012780?
True
Does 352 divide 6667232?
True
Is 8338585 a multiple of 9?
False
Is 622507175 a multiple of 1859?
False
Does 52 divide 4866991294?
False
Is 59300321 a multiple of 84?
False
Is 2651361 a multiple of 38?
False
Does 274 divide 327326707?
False
Is 549 a factor of 4463913510?
True
Is 64650624 a multiple of 248?
True
Is 517251654 a multiple of 123?
True
Is 63 a factor of 23308727?
False
Is 9 a factor of 505808449?
False
Does 13 divide 37528253?
False
Is 641035000 a multiple of 10?
True
Does 20 divide 916704503?
False
Does 251 divide 841854?
True
Does 10 divide 136800370?
True
Does 907 divide 302549804?
True
Is 997 a factor of 9655945?
True
Does 457 divide 10536026?
False
Is 391283898 a multiple of 6?
True
Does 1236 divide 115716819?
False
Does 25 divide 712997100?
True
Is 5 a factor of 733655120?
True
Does 709 divide 28798871?
True
Does 478 divide 14750602?
True
Is 5 a factor of 1180441760?
True
Is 101810340 a multiple of 277?
False
Does 2952 divide 1862021496?
False
Is 16 a factor of 5780944?
True
Is 24 a factor of 1329302112?
True
Is 380 a factor of 1619663232?
False
Is 48831638 a multiple of 7?
False
Does 12 divide 296760504?
True
Is 64 a factor of 6029703?
False
Does 2 divide 2369903?
False
Is 30 a factor of 130268525?
False
Is 311 a factor of 19375611?
True
Is 245 a factor of 3683330?
True
Is 43 a factor of 522243109?
False
Does 359 divide 60242?
False
Is 87551750 a multiple of 715?
True
Does 1161 divide 1099205235?
False
Is 1333 a factor of 21979789?
False
Is 682 a factor of 230325040?
True
Does 423 divide 65227421?
False
Does 3 divide 848958?
True
Is 334540098 a multiple of 381?
True
Is 135471451 a multiple of 3921?
False
Is 8 a factor of 180002409?
False
Does 10 divide 32119830?
True
Is 725 a factor of 86289693?
False
Does 153 divide 11572920?
True
Is 457708780 a multiple of 9?
False
Does 268 divide 213206864?
True
Does 82 divide 23404465?
False
Does 5 divide 19937125?
True
Does 658 divide 1729717075?
False
Is 513123627 a multiple of 1880?
False
Is 860 a factor of 168924640?
True
Is 21 a factor of 2703087979?
False
Is 53286602 a multiple of 4?
False
Is 17938414 a multiple of 29?
True
Is 141 a factor of 43275785?
False
Is 1339842504 a multiple of 132?
True
Does 13 divide 24